{"version":"1.0","provider_name":"egibide.org","provider_url":"https:\/\/www.egibide.org\/eu\/","title":"4.0 Adimendun Fabrikaren inaugurazioa - egibide.org","type":"rich","width":600,"height":338,"html":"<blockquote class=\"wp-embedded-content\" data-secret=\"noZE5R21Y3\"><a href=\"https:\/\/www.egibide.org\/eu\/inauguracion-de-la-fabrica-inteligente-4-0\/\">4.0 Adimendun Fabrikaren inaugurazioa<\/a><\/blockquote><iframe sandbox=\"allow-scripts\" security=\"restricted\" src=\"https:\/\/www.egibide.org\/eu\/inauguracion-de-la-fabrica-inteligente-4-0\/embed\/#?secret=noZE5R21Y3\" width=\"600\" height=\"338\" title=\"&#8220;4.0 Adimendun Fabrikaren inaugurazioa&#8221; &#8212; egibide.org\" data-secret=\"noZE5R21Y3\" frameborder=\"0\" marginwidth=\"0\" marginheight=\"0\" scrolling=\"no\" class=\"wp-embedded-content\"><\/iframe><script type=\"text\/javascript\">\n\/* <![CDATA[ *\/\n\/*! This file is auto-generated *\/\n!function(d,l){\"use strict\";l.querySelector&&d.addEventListener&&\"undefined\"!=typeof URL&&(d.wp=d.wp||{},d.wp.receiveEmbedMessage||(d.wp.receiveEmbedMessage=function(e){var t=e.data;if((t||t.secret||t.message||t.value)&&!\/[^a-zA-Z0-9]\/.test(t.secret)){for(var s,r,n,a=l.querySelectorAll('iframe[data-secret=\"'+t.secret+'\"]'),o=l.querySelectorAll('blockquote[data-secret=\"'+t.secret+'\"]'),c=new RegExp(\"^https?:$\",\"i\"),i=0;i<o.length;i++)o[i].style.display=\"none\";for(i=0;i<a.length;i++)s=a[i],e.source===s.contentWindow&&(s.removeAttribute(\"style\"),\"height\"===t.message?(1e3<(r=parseInt(t.value,10))?r=1e3:~~r<200&&(r=200),s.height=r):\"link\"===t.message&&(r=new URL(s.getAttribute(\"src\")),n=new URL(t.value),c.test(n.protocol))&&n.host===r.host&&l.activeElement===s&&(d.top.location.href=t.value))}},d.addEventListener(\"message\",d.wp.receiveEmbedMessage,!1),l.addEventListener(\"DOMContentLoaded\",function(){for(var e,t,s=l.querySelectorAll(\"iframe.wp-embedded-content\"),r=0;r<s.length;r++)(t=(e=s[r]).getAttribute(\"data-secret\"))||(t=Math.random().toString(36).substring(2,12),e.src+=\"#?secret=\"+t,e.setAttribute(\"data-secret\",t)),e.contentWindow.postMessage({message:\"ready\",secret:t},\"*\")},!1)))}(window,document);\n\/\/# sourceURL=https:\/\/www.egibide.org\/wp-includes\/js\/wp-embed.min.js\n\/* ]]> *\/\n<\/script>\n","thumbnail_url":"https:\/\/www.egibide.org\/file\/2018\/11\/deusto-egibide_arriaga_foto01.jpg","thumbnail_width":1500,"thumbnail_height":998,"description":"Ostiral honetan, azaroaren 30ean, 10:00etan,\u00a0 Egibide Deusto Arriaga Egoitzak hartuko du, 4.0 Adimendun Fabrikaren inaugurazioa Arabako Foru Aldundiaren, Egibideren eta Deustoren aldetik. Joan den irailean hasitako ikastaroa garatzen den ikasgeletara ikustaldi labur baten ondoren, Arabako Diputatu Nagusia, Ramiro Gonz\u00e1lez, Deustoko Unibertsitateko Errektorea, Jos\u00e9 Mar\u00eda Guibert, eta Fundaci\u00f3n Diocesanas-Jes\u00fas Obrero Fundazioraren Komisio Betearazlearen Lehendakaria, Diego Bande, [&hellip;]"}

Ostiral honetan, azaroaren 30ean, 10:00etan,  Egibide Deusto Arriaga Egoitzak hartuko du, 4.0 Adimendun Fabrikaren inaugurazioa Arabako Foru Aldundiaren, Egibideren eta Deustoren aldetik. Joan den irailean hasitako ikastaroa garatzen den ikasgeletara ikustaldi labur baten ondoren, Arabako Diputatu Nagusia, Ramiro González, Deustoko Unibertsitateko Errektorea, José María Guibert, eta Fundación Diocesanas-Jesús Obrero Fundazioraren Komisio Betearazlearen Lehendakaria, Diego Bande, [&hellip;]
