{"version":"1.0","provider_name":"egibide.org","provider_url":"https:\/\/www.egibide.org\/eu\/","title":"75. urteurreneko Liburuaren Aurkezpena - egibide.org","type":"rich","width":600,"height":338,"html":"<blockquote class=\"wp-embedded-content\" data-secret=\"lRgNyDbgyd\"><a href=\"https:\/\/www.egibide.org\/eu\/presentacion-del-libro-del-75o\/\">75. urteurreneko Liburuaren Aurkezpena<\/a><\/blockquote><iframe sandbox=\"allow-scripts\" security=\"restricted\" src=\"https:\/\/www.egibide.org\/eu\/presentacion-del-libro-del-75o\/embed\/#?secret=lRgNyDbgyd\" width=\"600\" height=\"338\" title=\"&#8220;75. urteurreneko Liburuaren Aurkezpena&#8221; &#8212; egibide.org\" data-secret=\"lRgNyDbgyd\" frameborder=\"0\" marginwidth=\"0\" marginheight=\"0\" scrolling=\"no\" class=\"wp-embedded-content\"><\/iframe><script type=\"text\/javascript\">\n\/* <![CDATA[ *\/\n\/*! This file is auto-generated *\/\n!function(d,l){\"use strict\";l.querySelector&&d.addEventListener&&\"undefined\"!=typeof URL&&(d.wp=d.wp||{},d.wp.receiveEmbedMessage||(d.wp.receiveEmbedMessage=function(e){var t=e.data;if((t||t.secret||t.message||t.value)&&!\/[^a-zA-Z0-9]\/.test(t.secret)){for(var s,r,n,a=l.querySelectorAll('iframe[data-secret=\"'+t.secret+'\"]'),o=l.querySelectorAll('blockquote[data-secret=\"'+t.secret+'\"]'),c=new RegExp(\"^https?:$\",\"i\"),i=0;i<o.length;i++)o[i].style.display=\"none\";for(i=0;i<a.length;i++)s=a[i],e.source===s.contentWindow&&(s.removeAttribute(\"style\"),\"height\"===t.message?(1e3<(r=parseInt(t.value,10))?r=1e3:~~r<200&&(r=200),s.height=r):\"link\"===t.message&&(r=new URL(s.getAttribute(\"src\")),n=new URL(t.value),c.test(n.protocol))&&n.host===r.host&&l.activeElement===s&&(d.top.location.href=t.value))}},d.addEventListener(\"message\",d.wp.receiveEmbedMessage,!1),l.addEventListener(\"DOMContentLoaded\",function(){for(var e,t,s=l.querySelectorAll(\"iframe.wp-embedded-content\"),r=0;r<s.length;r++)(t=(e=s[r]).getAttribute(\"data-secret\"))||(t=Math.random().toString(36).substring(2,12),e.src+=\"#?secret=\"+t,e.setAttribute(\"data-secret\",t)),e.contentWindow.postMessage({message:\"ready\",secret:t},\"*\")},!1)))}(window,document);\n\/\/# sourceURL=https:\/\/www.egibide.org\/wp-includes\/js\/wp-embed.min.js\n\/* ]]> *\/\n<\/script>\n","thumbnail_url":"https:\/\/www.egibide.org\/file\/2018\/02\/20180206-Libro-75\u00ba-25.jpg","thumbnail_width":4032,"thumbnail_height":3024,"description":"Otsailaren 6an Diocesanas-Jes\u00fas Obrero \u201cEGIBIDE\u201d-ren 75 urteurreneko Liburua aurkeztu zen. Ekitaldian gure historia gertuaren parte diren lau hezitzaile ohien hitzak entzun genituen\u00a0Mari Cabrerizo, Juanjo Garmendia, Marisa Ib\u00e1\u00f1ez eta Sixto Gonz\u00e1lezena. Pedro Rodr\u00edguez Teller\u00eda\u00a0liburuaren koordinatzailearen laguntzaz, hitzaldi-topaketa zoragarri batez gozatzeko aukera izan genuen eta lau gonbidatuek zenbait pasadizo eta gogoeta ezagutaraztera eman zizkiguten. ARGAZKIAK Mila esker [&hellip;]"}

https://www.egibide.org/file/2018/02/20180206-Libro-75º-25.jpg

Otsailaren 6an Diocesanas-Jesús Obrero “EGIBIDE”-ren 75 urteurreneko Liburua aurkeztu zen. Ekitaldian gure historia gertuaren parte diren lau hezitzaile ohien hitzak entzun genituen Mari Cabrerizo, Juanjo Garmendia, Marisa Ibáñez eta Sixto Gonzálezena. Pedro Rodríguez Tellería liburuaren koordinatzailearen laguntzaz, hitzaldi-topaketa zoragarri batez gozatzeko aukera izan genuen eta lau gonbidatuek zenbait pasadizo eta gogoeta ezagutaraztera eman zizkiguten. ARGAZKIAK Mila esker [&hellip;]
